prime factors of n?
19, 1429
Suppose -40*v - 144 + 1544 = 0. Suppose v*h + 3*h = 8892. List the prime factors of h.
2, 3, 13
Suppose 206 = 2*t + 4*q, 16*q - 11*q - 308 = -3*t. List the prime factors of t.
101
Suppose -17*p + 65037 = 38534 - 150025. List the prime factors of p.
2, 11, 59
Let v(x) be the third derivative of -x**5/60 + 59*x**4/24 + 13*x**3/2 + 27*x**2. What are the prime factors of v(13)?
7, 13
Let h = 215 + -579. Let a(t) = t. Let i be a(-3). What are the prime factors of ((-18)/(-4))/i*h/39?
2, 7
Suppose -68823 = -136*z + 177024 + 2696785. List the prime factors of z.
7, 11, 281
Let k = 24680 - 17288. What are the prime factors of k?
2, 3, 7, 11
Let d(z) = 2*z**3 + 26*z**2 - 6*z + 29. List the prime factors of d(-9).
17, 43
Let u(n) = n**3 - 63*n**2 - 97*n + 909. What are the prime factors of u(66)?
3, 5, 101
Let b(n) = n + 77. Let q be b(12). Suppose -q*p - 6120 = -95*p. List the prime factors of p.
2, 3, 5, 17
Let v = -1499 + 2439. Suppose 0 = -3*p + v + 503. List the prime factors of p.
13, 37
Suppose -171 - 290 = n. Let o = n - -528. List the prime factors of o.
67
Suppose 15 = 3*u - 2*o, -122*u + 118*u = o - 9. Suppose 6*w + 10 = w, -u*z = -3*w - 5553. List the prime factors of z.
43
Let n be 12/18 - (3 - (-286)/6). Let c be n/(((-96)/28)/3 + 1). Suppose 3*j = 2*w - 143 - 22, c = 4*w - 2*j. What are the prime factors of w?
2, 3, 5
Let u(n) = -553*n**3 + n**2 + 61*n + 321. What are the prime factors of u(-4)?
5, 47, 151
What are the prime factors of -4 + 11 + (-131115)/(-15)?
2, 3
Let p = -282 - -285. Suppose -1727 = -p*k - 86. What are the prime factors of k?
547
Let q = -6 + 4. Let p be ((-5)/q)/((-2)/(-4)). Let r(m) = 12*m - 11. List the prime factors of r(p).
7
Suppose -c + 167 = -291. Let a = c - 795. Let g = -170 - a. What are the prime factors of g?
167
List the prime factors of 757480/140 + (6/(-14))/(-1).
7, 773
Suppose 36112 = 16*h - 10112. What are the prime factors of h?
3, 107
Let r = 1341 - -951. List the prime factors of r.
2, 3, 191
Let k = -16185 - -23232. What are the prime factors of k?
3, 29
Let x(u) = -4339*u - 1326. What are the prime factors of x(-20)?
2, 42727
Let j be 1 - (0 + 1224/4). Let u(g) = g**3 - 41*g**2 - 98*g + 55. Let f be u(43). Let r = j - f. What are the prime factors of r?
2, 3, 13
Let x(k) = -3*k - 5. Let b be x(-5). Suppose -b*w + 5*w - 535 = 0. Let u = -83 - w. What are the prime factors of u?
2, 3
Let s(o) = -5*o**3 - 2*o**2. Let x be s(-1). Suppose -x*w - 1117 = -2*c, -4*c + 4*w = -2*c - 1122. List the prime factors of c.
19, 29
Let p(s) = 74*s**2 + 2*s + 1. Let g(a) = -4*a + 5*a + a - 3*a - 12. Let h be g(-11). What are the prime factors of p(h)?
73
Let g(k) = -495*k**3 - 2*k**2 - 6*k - 4. Let t be g(-2). Suppose 0 = -22*c - 0*c + t. What are the prime factors of c?
2, 3, 5
Let a(d) = d**2 - 74*d + 59. List the prime factors of a(-14).
1291
Suppose 289*k - 9055196 = 75*k. List the prime factors of k.
2, 21157
Let q(z) = -z**2 - 6*z + 4. Let w be q(-6). Suppose 5*o = 5*d - 305, 2*o + 8 = w*o. Suppose -320 = -5*y + d. List the prime factors of y.
7, 11
Suppose 89 = 20*f - 11. Suppose 3*x - f*v = 571, -4*x + 1052 = -5*v + 294. What are the prime factors of x?
11, 17
Let o be (-6)/12*-3 - (-1)/(-2). Suppose 3*u = 5*i + 238, -o - 183 = 4*i + 4*u. Let t = i + 132. What are the prime factors of t?
5, 17
Let k = -2 + 4. Let c(g) = g**3 - 23*g**2 - 26*g + 48. Let x be c(24). Suppose x*v - v = 2*b - 4, -k*v = 3*b - 11. List the prime factors of v.
2, 5
Suppose 723*v = 792*v - 736575. What are the prime factors of v?
5, 7, 61
Let z(m) = -m**3 + 3*m**2 - 26*m + 69. What are the prime factors of z(-18)?
3, 2447
Let n(r) be the second derivative of 2*r**3/3 - 16*r**2 + 17*r. Let y be n(8). Suppose y = -5*p - 5*q + 60, 2*p - q - 14 - 19 = 0. List the prime factors of p.
3, 5
Let y be (65/(-10))/(-13)*2. What are the prime factors of -5 - (-5 + -1566 + y)?
5, 313
Let v(b) = -17*b + 71. Let w be v(12). Let o = 155 + w. What are the prime factors of o?
2, 11
What are the prime factors of (3 - ((-15065)/7 - 5))/(4/28)?
15121
Let d(i) = 2*i**3 - 3*i + 2. Let r be d(2). Suppose -7*g + g = -r. Suppose g*a = 8*a - 210. What are the prime factors of a?
5, 7
List the prime factors of (2/8 - 5/5)*(-273552)/82.
2, 3, 139
Suppose -246*o + 883392 = -32*o. What are the prime factors of o?
2, 3, 43
Let b(w) = w**3 + 10*w**2 - 2*w - 20. Let f be b(-10). Suppose 63*n - 67*n + 876 = f. What are the prime factors of n?
3, 73
Let o(z) = -35*z - 93. Let m be o(-3). Suppose -14828 = -10*s - m*s. List the prime factors of s.
2, 337
Suppose -160*m - 3712325 + 9155994 = -3646571. What are the prime factors of m?
2, 3, 17, 557
Suppose 0 = 147*o - 4945723 - 4266032. List the prime factors of o.
5, 83, 151
Suppose -3*h - 5*z = -32220, h + 42926 = 5*h + z. List the prime factors of h.
2, 5, 29, 37
Let t be 1*15*105/175. Suppose -29716 = -t*b - 14*b. List the prime factors of b.
2, 17, 19
List the prime factors of 2 + 396072/33 + (-2)/(-77)*-7.
2, 3001
Let j be (1/(4/(-166)))/((-7)/14). Let u be 14/(-21) + (-196)/(-6). Suppose 0 = w - j - u. List the prime factors of w.
5, 23
Let a(q) = 3*q**2 + 7*q + 5. Let b(j) = 7. Let r(g) = -g + 15. Let n(z) = 5*b(z) - 2*r(z). Let x be n(-5). List the prime factors of a(x).
3, 5
Let a = -54 + 75. Suppose -o = -8*o + a. Suppose -d = -o*d + 320. List the prime factors of d.
2, 5
Let k = -256 + 273. Suppose k*p = 6623 + 109. What are the prime factors of p?
2, 3, 11
Let f(m) = -4*m**2 + 5*m - 32. Let s(q) = 8*q**2 - 11*q + 61. Let o(j) = 7*f(j) + 4*s(j). What are the prime factors of o(12)?
2, 61
Let u = -278 + 278. Let c(n) = -45*n + 1436. List the prime factors of c(u).
2, 359
Let q = 1484 + -60. Suppose 2*g + 465 = -3*t + q, -g + 3*t + 475 = 0. List the prime factors of g.
2, 239
Suppose 16*w + 8 = 12*w. Let b(l) = -3*l + 4 + 1 + 21*l**2 + 0*l + 7*l. What are the prime factors of b(w)?
3
Let i(b) = 4 + 4 - 3 + b**3 - 4 - 4*b. Suppose 24*z - 25*z = 4*k - 20, -2*k + 3*z - 4 = 0. What are the prime factors of i(k)?
7
What are the prime factors of 10/6*(-17 - -12020) + 6?
20011
Suppose 0 = -65*a + 62*a - 1965. Let s = a - -1156. Let o = s - 284. List the prime factors of o.
7, 31
Let h be (20 + -18)/(2/170). Let q = -96 + h. What are the prime factors of q?
2, 37
Let j be (9/(-2))/(30/320). Let x = j - -53. Suppose 3*p = 3*w - 524 + 92, x*w + 2*p = 713. List the prime factors of w.
11, 13
Let j(h) be the first derivative of -19*h**2 - 56*h + 61. List the prime factors of j(-5).
2, 67
Let r be (-6)/(-14) + 2052/(-133). Let d be 63/((35/r)/(-7)). Suppose -2*n - n + d = 0. List the prime factors of n.
3, 7
Let d(u) = u**2 + 16*u + 11. Let z be d(-12). Let v = 39 + z. Suppose -3*k + v*p + 177 = 0, k + p = 3*p + 63. What are the prime factors of k?
3, 19
Suppose r - 4655 = -g + 10384, -3*r + g = -45089. List the prime factors of r.
2, 1879
Let k(r) = 818*r - 102. Let g(h) = 327*h - 41. Let j(q) = 12*g(q) - 5*k(q). Let p be j(5). What are the prime factors of (-6)/30 + p/(-10)?
3
Suppose 7*p = -p + 928. Suppose -2*g = -3*s - p, g - 2*s - 58 = -3*s. Suppose -3*c + g + 74 = 0. List the prime factors of c.
2, 11
Let n(y) = 188*y**2 + 4*y + 1. Let b be (4/3)/(6/(-9)). Let g be n(b). Let d = -511 + g. List the prime factors of d.
2, 3, 13
Suppose 7291 + 479 = 5*r. Suppose -r = -14*z + 7*z. What are the prime factors of z?
2, 3, 37
Suppose 15*q - 7633 - 137 = 0. Let w = -305 + q. List the prime factors of w.
3, 71
Suppose 0*t - 4*t - 2*m = -70, -4*m + 5 = -t. List the prime factors of 3/t + -46*(-651)/70.
2, 107
Let t be ((-1)/(-2)*-86)/(10/(-100)). Let o = t - 179. What are the prime factors of o?
251
Let l(x) = -44*x + 1439. What are the prime factors of l(-110)?
3, 7, 13, 23
Suppose -3*x = 5*t - 71971, 247*t + 23997 = x + 252*t. What are the prime factors of x?
17, 83
Suppose 5*v + 4*t - 35 = 0, 2*t - 5 = -v + 2. Suppose -g + 3*o + 307 = 0, -v*g - 1535 = -12*g + 3*o. List the prime factors of g.
307
Suppose u = h - 279, h + 8*h + 5*u - 2553 = 0. What are the prime factors of h?
2, 3, 47
Suppose -10 = 5*f + 10, d - 20 = 4*f. Suppose y - o - 168 = 0, d*y - 2 - 665 = 5*o. What are the prime factors of y?
173
Suppose 17609 = 4*c + 3*b, 5*b - 8815 = 21*c - 23*c. List the prime factors of c.
2, 5, 11